{"id":9597,"date":"2025-08-21T11:25:04","date_gmt":"2025-08-21T15:25:04","guid":{"rendered":"https:\/\/cesimonbolivar.com.ve\/cesb\/?page_id=9597"},"modified":"2025-08-21T11:25:05","modified_gmt":"2025-08-21T15:25:05","slug":"3era-edicion-programa-de-estimulo-para-estudiantes-de-pregrado-de-historia","status":"publish","type":"page","link":"https:\/\/cesimonbolivar.com.ve\/cesb\/3era-edicion-programa-de-estimulo-para-estudiantes-de-pregrado-de-historia\/","title":{"rendered":"3era Edici\u00f3n Programa de Est\u00edmulo para estudiantes de pregrado de Historia"},"content":{"rendered":"\n<p>CONVOCATORIA<br><br>El Centro de Estudios Sim\u00f3n Bol\u00edvar en su firme prop\u00f3sito de promover la formaci\u00f3n de los futuros investigadores en diversos campos de los estudios hist\u00f3ricos y patrimoniales en nuestro pa\u00eds, invita a todos los estudiantes universitarios de pregrado cursantes de carreras en las \u00e1reas de estudio se\u00f1aladas, a postularse en la <strong>III Cohorte del <em>Programa de Est\u00edmulo para Estudiantes de Pregrado de Historia<\/em><\/strong>.<\/p>\n\n\n\n<p>Este plan de formaci\u00f3n tiene una duraci\u00f3n de 12 meses, los cuales estar\u00e1n distribuidos en dos per\u00edodos:<\/p>\n\n\n\n<ol class=\"wp-block-list\">\n<li>El primero un ciclo pedag\u00f3gico, en grandes \u00e1reas de conocimientos en las ciencias sociales, donde se brindar\u00e1n herramientas fundamentales para el desarrollo de <strong>m\u00e9todos hist\u00f3ricos, investigaci\u00f3n en diversas fuentes de informaci\u00f3n, y conocimiento de las diversas \u00e1reas potenciales de los estudios hist\u00f3ricos y patrimoniales<\/strong>. Estas actividades ser\u00e1n semanales los d\u00edas viernes. <strong>Periodo septiembre 2025-enero 2026.<\/strong><br><br><\/li>\n\n\n\n<li>El segundo periodo, contempla la incorporaci\u00f3n de cada participante en uno de los <strong>proyectos de pr\u00e1ctica profesional<\/strong> que en el \u00e1mbito hist\u00f3rico y patrimonial ofrece el programa. <strong>Periodo febrero-agosto 2026.<\/strong><br><br><\/li>\n\n\n\n<li>Para los estudiantes que cursaron la II cohorte del programa, y sean nuevamente seleccionados, se incorporar\u00e1n a los proyectos de investigaci\u00f3n directamente, y de forma paralela desarrollar\u00e1n el \u00e1rea formativa a partir de seminarios especializados.<\/li>\n<\/ol>\n\n\n\n<p><strong>Quienes pueden postularse:<\/strong>\u00a0<\/p>\n\n\n\n<ul class=\"wp-block-list\">\n<li>Estudiantes universitarios activos en el \u00e1rea de la carrera de pregrado en historia, del \u00e1mbito nacional.\u00a0<\/li>\n\n\n\n<li>Mayores de edad<\/li>\n<\/ul>\n\n\n\n<p>Requisitos de postulaci\u00f3n:<\/p>\n\n\n\n<ul class=\"wp-block-list\">\n<li>Copia de C\u00e9dula de Identidad vigente.<\/li>\n\n\n\n<li>Constancia de Estudios actualizada del nuevo semestre con la carga acad\u00e9mica inscrita.<\/li>\n\n\n\n<li>Carta de inter\u00e9s en donde se exprese los motivos de participaci\u00f3n en el programa.<\/li>\n<\/ul>\n\n\n\n<p>Nota: la presentaci\u00f3n de los recaudos ser\u00e1 solicitada posterior al proceso de postulaci\u00f3n y selecci\u00f3n, por lo que pueden postularse aunque no se haya formalizado aun la inscripci\u00f3n del semestre que inicia en octubre 2025.<\/p>\n\n\n\n<p>Normas de permanencia del programa:<\/p>\n\n\n\n<ul class=\"wp-block-list\">\n<li>Asistir a todas las actividades de formaci\u00f3n.<\/li>\n\n\n\n<li>La inasistencia injustificada a un 25% de las actividades ser\u00e1 motivo de desincorporaci\u00f3n.<\/li>\n\n\n\n<li>Aprobaci\u00f3n de la carga acad\u00e9mica correspondiente a sus periodos de estudios en sus respectivas universidades. Deber\u00e1n presentar su constancia de notas aprobadas semestralmente.<\/li>\n<\/ul>\n\n\n\n<p><strong>El periodo postulaci\u00f3n ser\u00e1 del 19 agosto y 10 de septiembre de 2025 a trav\u00e9s del formulario online. El listado de los estudiantes seleccionados ser\u00e1 anunciado el d\u00eda 18 de septiembre del 2025.<\/strong><\/p>\n\n\n\n<p>Para postularte registra tus datos a trav\u00e9s del siguiente formulario:<br><a href=\"https:\/\/docs.google.com\/forms\/d\/e\/1FAIpQLScqWbdlxD-VQEd_XOQlLSkVfuIRgnLspQrvABNkD4e5OmJjCQ\/viewform\"><strong><mark style=\"background-color:#abb8c3\" class=\"has-inline-color has-black-color\">https:\/\/docs.google.com\/forms\/d\/e\/1FAIpQLScqWbdlxD-VQEd_XOQlLSkVfuIRgnLspQrvABNkD4e5OmJjCQ\/viewform<\/mark><\/strong><\/a><\/p>\n\n\n\n<p><\/p>\n\n\n\n<p><\/p>\n","protected":false},"excerpt":{"rendered":"<p>CONVOCATORIA El Centro de Estudios Sim\u00f3n Bol\u00edvar en su firme prop\u00f3sito de promover la formaci\u00f3n de los futuros investigadores en diversos campos de los estudios hist\u00f3ricos y patrimoniales en nuestro pa\u00eds, invita a todos los estudiantes universitarios de pregrado cursantes de carreras en las \u00e1reas de estudio se\u00f1aladas, a postularse en la III Cohorte del&#8230;<\/p>\n","protected":false},"author":5,"featured_media":0,"parent":0,"menu_order":0,"comment_status":"closed","ping_status":"closed","template":"","meta":{"footnotes":""},"class_list":["post-9597","page","type-page","status-publish","hentry"],"_links":{"self":[{"href":"https:\/\/cesimonbolivar.com.ve\/cesb\/wp-json\/wp\/v2\/pages\/9597","targetHints":{"allow":["GET"]}}],"collection":[{"href":"https:\/\/cesimonbolivar.com.ve\/cesb\/wp-json\/wp\/v2\/pages"}],"about":[{"href":"https:\/\/cesimonbolivar.com.ve\/cesb\/wp-json\/wp\/v2\/types\/page"}],"author":[{"embeddable":true,"href":"https:\/\/cesimonbolivar.com.ve\/cesb\/wp-json\/wp\/v2\/users\/5"}],"replies":[{"embeddable":true,"href":"https:\/\/cesimonbolivar.com.ve\/cesb\/wp-json\/wp\/v2\/comments?post=9597"}],"version-history":[{"count":1,"href":"https:\/\/cesimonbolivar.com.ve\/cesb\/wp-json\/wp\/v2\/pages\/9597\/revisions"}],"predecessor-version":[{"id":9600,"href":"https:\/\/cesimonbolivar.com.ve\/cesb\/wp-json\/wp\/v2\/pages\/9597\/revisions\/9600"}],"wp:attachment":[{"href":"https:\/\/cesimonbolivar.com.ve\/cesb\/wp-json\/wp\/v2\/media?parent=9597"}],"curies":[{"name":"wp","href":"https:\/\/api.w.org\/{rel}","templated":true}]}}